
Suppose -47*g + 111643 - 51604 = -62490. What is the highest common divisor of g and 33?
33
Let f = 29 + -14. Let w = 104 + -59. Let v be w/(-12)*(224/12)/(-7). What is the greatest common factor of f and v?
5
Suppose 203 = 389*b - 382*b. Suppose -32*w + b*w + 204 = 0. What is the greatest common factor of w and 24?
4
Suppose 2*s = -3*f + 3*s + 50, 3*s = 4*f - 65. Suppose f*d - 17 = 16*d. Calculate the highest common factor of d and 1.
1
Let c(k) = -102*k - 4965. Let u be c(-62). What is the highest common factor of 1661 and u?
151
Let h(o) = 4*o + 86. Let z be h(-17). Let m = 1881 + -3879. Let v be m/(-45) - 6/(-10). What is the greatest common divisor of v and z?
9
Let s be 11*3/((-6)/(-8)). Let o = 509 - 179. Let y = o + -220. Calculate the greatest common factor of y and s.
22
Let f(a) = 26*a - 81. Let x be f(5). Suppose -72 = x*b - 51*b. What is the highest common factor of 132 and b?
12
Let k(j) = 31*j - 69. Let v be k(10). Let a = v - 133. Calculate the highest common divisor of 198 and a.
18
Let w(u) = -27*u. Let s be w(-1). Suppose -s - 93 = 5*c. Let r be (-8 - c)/((-2)/(-8)). Calculate the greatest common divisor of 8 and r.
8
Suppose 3*y = 5*u - 48, 0*u - 5*u = 4*y - 41. What is the highest common divisor of 3951 and u?
9
Let b be ((-520)/168 + (-4)/(-42))*-125. What is the highest common factor of 735 and b?
15
Let y be 3/4 - (-1209)/52. Suppose 0 = -y*o + 654 + 18. Calculate the highest common factor of o and 49.
7
Suppose -139 = -9*d - 688. Let k = d + 68. Calculate the greatest common divisor of 49 and k.
7
Let t be (-24 + 22)/((-7)/42). What is the highest common divisor of 3228 and t?
12
Suppose -281*c = -298*c + 68. What is the highest common factor of 2 and c?
2
Suppose -8*l + 134 - 102 = 0. Suppose 5*a - y - 357 = 0, 348 = -a + 6*a - l*y. What is the highest common divisor of 198 and a?
18
Let v(l) = 6*l**2 + 3*l - 22. Let w(q) = -4*q**2 - 2*q + 15. Let c(y) = -5*v(y) - 8*w(y). Let o be c(3). Calculate the greatest common divisor of o and 33.
11
Let h = 233 - 235. Let m(p) = -2*p**2 - 3*p + 4. Let s be m(h). What is the highest common factor of 58 and s?
2
Let n = 1608 - 1468. What is the highest common factor of n and 476?
28
Suppose 36*f - 31*f + 3*a - 31 = 0, a - 5 = f. Suppose 0 = -i + 5*k + 45, 0*i + 2*k + 248 = 5*i. What is the greatest common divisor of i and f?
2
Let x = -7832 + 7834. Calculate the greatest common divisor of x and 1810.
2
Suppose 5*h + 22 = 3*w - 23, 4*w - 4*h = 52. Calculate the highest common factor of w and 1820.
10
Let l be 247214/154 - (11 - 15)*(-2)/28. What is the greatest common factor of l and 60?
15
Let k be (-1084)/(-30) + -4 + (-464)/(-120). Suppose -q = 4*i - 2018, 170 - 2182 = -4*i + 2*q. What is the greatest common factor of k and i?
36
Let o = -688 + 137. Let n = 555 + o. Calculate the greatest common divisor of n and 50.
2
Suppose 33*k + 80847 = -43*k + 279663. What is the highest common divisor of k and 60?
12
Suppose -16*r = -11 + 347. Let v be 6/(-4)*(7 - (-217)/r). What is the highest common divisor of v and 395?
5
Let y(n) = -n + 10. Let v(f) = -f + 8. Let q(x) = -3*v(x) + 4*y(x). Let h be q(-11). Calculate the highest common factor of 72 and h.
9
Let s = -2103 - -3216. Calculate the highest common divisor of 265 and s.
53
Let x be (-4)/(-4*3/(-18) - (-1708)/(-2013)). Calculate the greatest common divisor of 15840 and x.
22
Let z(p) = 24*p + 119. Let g be z(-6). Let s be g/(-125) - 149/(-5). What is the greatest common divisor of s and 570?
30
Suppose 5*i - 170 = 5. Let h(k) = -6*k - 107. Let p be h(-19). What is the greatest common divisor of p and i?
7
Suppose 11*g + 20 = 5*x + 6*g, 5*x + g - 32 = 0. Suppose -5*b = -2*h - 39, x*b + h - 19 = 3*b. Calculate the greatest common factor of b and 224.
7
Suppose -49 = -7*o - 434. Let h = o + 96. Suppose h - 2 = 3*g. Calculate the greatest common factor of 26 and g.
13
Suppose 1779*a = 2035*a - 2542848. Calculate the highest common factor of 924 and a.
231
Let g(u) = -21*u**2 + 89*u - 14. Let k be g(4). Suppose w - 18 = 12. What is the highest common factor of w and k?
6
Let a(l) = -267*l + 378. Let h be a(-10). Calculate the greatest common factor of 24 and h.
24
Let p be 90/(-25)*(-910)/42. Calculate the greatest common divisor of 24 and p.
6
Suppose 7*d + 23520 = -0*d + 35*d. Calculate the highest common factor of d and 72.
24
Let u(c) = -c**3 + c**2 - c + 10. Let p be u(0). Suppose -3*n = -2*n - 4, -3*d = n + 98. Let s = d - -36. What is the highest common factor of s and p?
2
Let w be ((-10)/20)/(2/1132). Let n = w - -391. Calculate the highest common divisor of n and 144.
36
Let i(y) = -88*y - 2059. Let o be i(-29). What is the highest common divisor of 51 and o?
17
Suppose -60*a = -41*a - 5415. Suppose 3*d - 2*w = -2*d + a, -w = 5. What is the highest common divisor of 22 and d?
11
Let q = 637 - 404. Suppose 2*n - 257 = n + 5*j, 3*j = -n + q. What is the highest common divisor of 44 and n?
22
Let g(m) = m**2 - m + 2. Let q(w) = 2*w**2 - 10*w - 11. Let j(f) = 3*g(f) - q(f). Let r be j(-3). Calculate the greatest common factor of 55 and r.
5
Suppose -2 - 493 = -5*j + 2*y, -5*y = -2*j + 198. Let i = -71 + 89. What is the highest common factor of j and i?
9
Let o(p) = 36*p**3 + p**2 - p. Let a be o(1). Let m = 135713 + -135485. Calculate the greatest common divisor of m and a.
12
Suppose 58 - 1 = n - 2*p, 2*n - 129 = -p. Suppose 2*d - 15 = -d. Suppose 2*k - d*k = -21. Calculate the greatest common divisor of n and k.
7
Let i(y) = y**2 + 14*y + 62. Let x be i(-8). What is the greatest common factor of x and 1358?
14
Let a(k) = k**3 - 7*k**2 + 18*k - 38. Let g be a(5). Suppose g*d - 4*d = -38. Calculate the greatest common factor of 703 and d.
19
Let j be (-3 + 2)/(0 - (-1)/(-168)). Let x = 9657 + -9615. Calculate the greatest common divisor of x and j.
42
Let q = 3400 + -3158. What is the greatest common factor of q and 55?
11
Let l = -18 + 27. Let y(n) = 4*n - 14. Let j be y(6). Let t(m) = -m**3 + 11*m**2 - 5*m + 22. Let h be t(j). What is the greatest common divisor of h and l?
9
Suppose 2*f = c - 3, 4*f + 3*c = 7*f. Suppose j = -j - 50. Let v = f - j. What is the highest common factor of v and 11?
11
Let h be (-18 - -20) + -6 + 24150/5. Calculate the highest common factor of 38 and h.
38
Let w be (-8 - (-5 + 7))*(-6 - (-21)/5). Let n = 6 - 4. Suppose -n*p = -p - 90. Calculate the highest common factor of p and w.
18
Let n be (-7 + (-2)/2)/(-1). Let z be -5 + (3 - 1) - -5. Suppose -3*a + 17 - 2 = -3*h, 0 = z*h - 6. What is the highest common factor of a and n?
8
Suppose 10*a + 21 = 31. Let o(c) = 12*c**2 + c. Let x be o(a). Calculate the greatest common divisor of x and 247.
13
Let g(r) = 13*r**2 + 11*r + 0*r**3 - 24*r + r**3 + 16. Let d be g(-14). Suppose 0 = 5*p - d*p - 282. Calculate the highest common factor of 235 and p.
47
Let k = -40 + 15. Let a(u) = -u - 15. Let p be a(k). Calculate the highest common factor of 4 and p.
2
Suppose -5*n + 3*h = -2*h + 265, 0 = -5*n + 3*h - 257. Let y = 57 + n. Let i(r) = -2*r + 22. Let d be i(-5). What is the greatest common divisor of y and d?
8
Suppose 3*j + 2*u + 3*u = 92, 3*u = -15. What is the greatest common factor of j and 2262?
39
Let k(l) = 5*l**2 + 130*l + 901. Let r be k(-9). Calculate the greatest common divisor of r and 24344.
136
Suppose -444 = -7*v + 130. Suppose -16*l = -3*m - 21*l + v, -4*l - 33 = -m. What is the greatest common factor of 551 and m?
29
Let t be (-1)/(-5) + (-16581)/25*5250/(-450). What is the greatest common factor of 146 and t?
146
Let y be (-42)/2268*-522*(10 + -1). Let l(h) = -h**3 - 2*h**2 + 1. Let r be l(-6). What is the highest common divisor of r and y?
29
Let w(h) = 27*h**2 + 11*h + 18. Let g(l) = 56*l**2 + 24*l + 35. Let b(m) = -6*g(m) + 13*w(m). Let z be b(3). What is the highest common factor of 208 and z?
52
Let s(p) = -p**3 + 18*p**2 + p - 19. Let u be s(18). Let a be ((-4045)/(-20))/(0 + u/(-4)). Let c = a - 468. What is the highest common factor of c and 31?
31
Suppose -3*n = 2*n - 225. Suppose 19*l + l + 340 = 0. Let s(z) = -z**2 - 19*z - 25. Let w be s(l). Calculate the highest common divisor of n and w.
9
Let v be (-1)/(-2)*1124 - (-2 + 1). Suppose 0 = -5*o + v + 412. What is the greatest common divisor of o and 39?
39
Let o = 31 - 1